{"id":4592,"date":"2025-10-12T21:45:39","date_gmt":"2025-10-12T21:45:39","guid":{"rendered":"https:\/\/esim.grahammiranda.com\/?page_id=4592"},"modified":"2025-10-12T21:46:04","modified_gmt":"2025-10-12T21:46:04","slug":"versicherung","status":"publish","type":"page","link":"https:\/\/esim.grahammiranda.com\/de\/legal\/versicherung\/","title":{"rendered":"Versicherungsinformationen"},"content":{"rendered":"<h3 class=\"wp-block-heading\" id=\"h-betriebshaftpflichtversicherung\">Betriebshaftpflichtversicherung<\/h3>\n\n\n\n<p>Graham Miranda verf\u00fcgt \u00fcber eine Betriebshaftpflichtversicherung bei:<\/p>\n\n\n\n<p><strong>Versicherer:<\/strong> Markel Versicherung SE<br><strong>Versicherungs-Nr:<\/strong> ON.MPI.64092<br><strong>G\u00fcltigkeitszeitraum:<\/strong> 06.10.2025 &#8211; 06.10.2026<\/p>\n\n\n\n<p><strong>Versicherungsumfang:<\/strong><\/p>\n\n\n\n<ul class=\"wp-block-list\">\n<li>Verm\u00f6gensschadenhaftpflicht: 300.000 EUR<\/li>\n\n\n\n<li>Betriebshaftpflicht: 3.000.000 EUR (pauschal f\u00fcr Personen- und Sachsch\u00e4den)<\/li>\n\n\n\n<li>T\u00e4tigkeitsbereich: IT- und Telekommunikationsbranche<\/li>\n<\/ul>\n\n\n\n<p><strong>Bei Sch\u00e4den kontaktieren Sie:<\/strong><br>Markel Versicherung SE<br>Sophienstr. 26<br>80333 M\u00fcnchen<br>schaden@markel.de<br>Tel.: +49 89 205094-400<\/p>\n\n\n\n<p>Die Versicherung deckt Sch\u00e4den ab, die im Rahmen der gesch\u00e4ftlichen T\u00e4tigkeit entstehen k\u00f6nnen.<\/p>\n\n\n\n<hr class=\"wp-block-separator has-alpha-channel-opacity\"\/>\n\n\n\n<p><em>Stand: 12. Oktober 2025<\/em><\/p>","protected":false},"excerpt":{"rendered":"<p>Betriebshaftpflichtversicherung Graham Miranda verf\u00fcgt \u00fcber eine Betriebshaftpflichtversicherung bei: Versicherer: Markel Insurance SEVersicherungs-Nr: ON.MPI.64092G\u00fcltigkeitszeitraum: 06.10.2025 &#8211; 06.10.2026 Versicherungsumfang: Bei Sch\u00e4den kontaktieren Sie:Markel Insurance SESophienstr. 2680333 M\u00fcnchenschaden@markel.deTel.: +49 89 205094-400 Die Versicherung deckt Sch\u00e4den ab, die im Rahmen der gesch\u00e4ftlichen T\u00e4tigkeit entstehen k\u00f6nnen. Stand: 12 Oktober 2025<\/p>","protected":false},"author":1,"featured_media":0,"parent":0,"menu_order":0,"comment_status":"closed","ping_status":"closed","template":"","meta":{"site-sidebar-layout":"default","site-content-layout":"","ast-site-content-layout":"default","site-content-style":"default","site-sidebar-style":"default","ast-global-header-display":"","ast-banner-title-visibility":"","ast-main-header-display":"","ast-hfb-above-header-display":"","ast-hfb-below-header-display":"","ast-hfb-mobile-header-display":"","site-post-title":"","ast-breadcrumbs-content":"","ast-featured-img":"","footer-sml-layout":"","theme-transparent-header-meta":"","adv-header-id-meta":"","stick-header-meta":"","header-above-stick-meta":"","header-main-stick-meta":"","header-below-stick-meta":"","astra-migrate-meta-layouts":"set","ast-page-background-enabled":"default","ast-page-background-meta":{"desktop":{"background-color":"var(--ast-global-color-4)","background-image":"","background-repeat":"repeat","background-position":"center center","background-size":"auto","background-attachment":"scroll","background-type":"","background-media":"","overlay-type":"","overlay-color":"","overlay-opacity":"","overlay-gradient":""},"tablet":{"background-color":"","background-image":"","background-repeat":"repeat","background-position":"center center","background-size":"auto","background-attachment":"scroll","background-type":"","background-media":"","overlay-type":"","overlay-color":"","overlay-opacity":"","overlay-gradient":""},"mobile":{"background-color":"","background-image":"","background-repeat":"repeat","background-position":"center center","background-size":"auto","background-attachment":"scroll","background-type":"","background-media":"","overlay-type":"","overlay-color":"","overlay-opacity":"","overlay-gradient":""}},"ast-content-background-meta":{"desktop":{"background-color":"var(--ast-global-color-5)","background-image":"","background-repeat":"repeat","background-position":"center center","background-size":"auto","background-attachment":"scroll","background-type":"","background-media":"","overlay-type":"","overlay-color":"","overlay-opacity":"","overlay-gradient":""},"tablet":{"background-color":"var(--ast-global-color-5)","background-image":"","background-repeat":"repeat","background-position":"center center","background-size":"auto","background-attachment":"scroll","background-type":"","background-media":"","overlay-type":"","overlay-color":"","overlay-opacity":"","overlay-gradient":""},"mobile":{"background-color":"var(--ast-global-color-5)","background-image":"","background-repeat":"repeat","background-position":"center center","background-size":"auto","background-attachment":"scroll","background-type":"","background-media":"","overlay-type":"","overlay-color":"","overlay-opacity":"","overlay-gradient":""}},"iawp_total_views":1,"footnotes":""},"class_list":["post-4592","page","type-page","status-publish","hentry"],"yoast_head":"<!-- This site is optimized with the Yoast SEO Premium plugin v26.2 (Yoast SEO v26.2) - https:\/\/yoast.com\/wordpress\/plugins\/seo\/ -->\n<title>Versicherung | Haftpflichtversicherung Info - Graham Miranda eSIM<\/title>\n<meta name=\"description\" content=\"Informationen zur Betriebshaftpflichtversicherung von Graham Miranda ESIM. Markel Insurance Deckung f\u00fcr IT-Dienstleistungen und eSIM-Services.\" \/>\n<meta name=\"robots\" content=\"index, follow, max-snippet:-1, max-image-preview:large, max-video-preview:-1\" \/>\n<link rel=\"canonical\" href=\"https:\/\/esim.grahammiranda.com\/de\/legal\/versicherung\/\" \/>\n<meta property=\"og:locale\" content=\"de_DE\" \/>\n<meta property=\"og:type\" content=\"article\" \/>\n<meta property=\"og:title\" content=\"Versicherungsinformationen\" \/>\n<meta property=\"og:description\" content=\"Informationen zur Betriebshaftpflichtversicherung von Graham Miranda ESIM. Markel Insurance Deckung f\u00fcr IT-Dienstleistungen und eSIM-Services.\" \/>\n<meta property=\"og:url\" content=\"https:\/\/esim.grahammiranda.com\/de\/legal\/versicherung\/\" \/>\n<meta property=\"og:site_name\" content=\"Graham Miranda eSIM\" \/>\n<meta property=\"article:modified_time\" content=\"2025-10-12T21:46:04+00:00\" \/>\n<meta property=\"og:image\" content=\"https:\/\/esim.grahammiranda.com\/wp-content\/uploads\/2025\/09\/cropped-IMAGEFINAL-img-scaled-1.webp\" \/>\n\t<meta property=\"og:image:width\" content=\"512\" \/>\n\t<meta property=\"og:image:height\" content=\"512\" \/>\n\t<meta property=\"og:image:type\" content=\"image\/webp\" \/>\n<meta name=\"twitter:card\" content=\"summary_large_image\" \/>\n<meta name=\"twitter:label1\" content=\"Gesch\u00e4tzte Lesezeit\" \/>\n\t<meta name=\"twitter:data1\" content=\"1\u00a0Minute\" \/>\n<script type=\"application\/ld+json\" class=\"yoast-schema-graph\">{\"@context\":\"https:\/\/schema.org\",\"@graph\":[{\"@type\":\"WebPage\",\"@id\":\"https:\/\/esim.grahammiranda.com\/de\/legal\/versicherung\/\",\"url\":\"https:\/\/esim.grahammiranda.com\/de\/legal\/versicherung\/\",\"name\":\"Versicherung | Haftpflichtversicherung Info - Graham Miranda eSIM\",\"isPartOf\":{\"@id\":\"https:\/\/esim.grahammiranda.com\/de\/#website\"},\"datePublished\":\"2025-10-12T21:45:39+00:00\",\"dateModified\":\"2025-10-12T21:46:04+00:00\",\"description\":\"Informationen zur Betriebshaftpflichtversicherung von Graham Miranda ESIM. Markel Insurance Deckung f\u00fcr IT-Dienstleistungen und eSIM-Services.\",\"breadcrumb\":{\"@id\":\"https:\/\/esim.grahammiranda.com\/de\/legal\/versicherung\/#breadcrumb\"},\"inLanguage\":\"de\",\"potentialAction\":[{\"@type\":\"ReadAction\",\"target\":[\"https:\/\/esim.grahammiranda.com\/de\/legal\/versicherung\/\"]}]},{\"@type\":\"BreadcrumbList\",\"@id\":\"https:\/\/esim.grahammiranda.com\/de\/legal\/versicherung\/#breadcrumb\",\"itemListElement\":[{\"@type\":\"ListItem\",\"position\":1,\"name\":\"Home\",\"item\":\"https:\/\/esim.grahammiranda.com\/\"},{\"@type\":\"ListItem\",\"position\":2,\"name\":\"Versicherungsinformationen\"}]},{\"@type\":\"WebSite\",\"@id\":\"https:\/\/esim.grahammiranda.com\/de\/#website\",\"url\":\"https:\/\/esim.grahammiranda.com\/de\/\",\"name\":\"Graham Miranda eSIM\",\"description\":\"\",\"publisher\":{\"@id\":\"https:\/\/esim.grahammiranda.com\/de\/#organization\"},\"potentialAction\":[{\"@type\":\"SearchAction\",\"target\":{\"@type\":\"EntryPoint\",\"urlTemplate\":\"https:\/\/esim.grahammiranda.com\/de\/?s={search_term_string}\"},\"query-input\":{\"@type\":\"PropertyValueSpecification\",\"valueRequired\":true,\"valueName\":\"search_term_string\"}}],\"inLanguage\":\"de\"},{\"@type\":\"Organization\",\"@id\":\"https:\/\/esim.grahammiranda.com\/de\/#organization\",\"name\":\"Graham Miranda\",\"url\":\"https:\/\/esim.grahammiranda.com\/de\/\",\"logo\":{\"@type\":\"ImageObject\",\"inLanguage\":\"de\",\"@id\":\"https:\/\/esim.grahammiranda.com\/de\/#\/schema\/logo\/image\/\",\"url\":\"https:\/\/esim.grahammiranda.com\/wp-content\/uploads\/2025\/09\/eSIM-GrahamMiranda-Logo.webp\",\"contentUrl\":\"https:\/\/esim.grahammiranda.com\/wp-content\/uploads\/2025\/09\/eSIM-GrahamMiranda-Logo.webp\",\"width\":427,\"height\":363,\"caption\":\"Graham Miranda\"},\"image\":{\"@id\":\"https:\/\/esim.grahammiranda.com\/de\/#\/schema\/logo\/image\/\"},\"legalName\":\"Graham Miranda\",\"foundingDate\":\"2025-09-12\"}]}<\/script>\n<!-- \/ Yoast SEO Premium plugin. -->","yoast_head_json":{"title":"Versicherung | Haftpflichtversicherung Info - Graham Miranda eSIM","description":"Informationen zur Betriebshaftpflichtversicherung von Graham Miranda ESIM. Markel Insurance Deckung f\u00fcr IT-Dienstleistungen und eSIM-Services.","robots":{"index":"index","follow":"follow","max-snippet":"max-snippet:-1","max-image-preview":"max-image-preview:large","max-video-preview":"max-video-preview:-1"},"canonical":"https:\/\/esim.grahammiranda.com\/de\/legal\/versicherung\/","og_locale":"de_DE","og_type":"article","og_title":"Versicherungsinformationen","og_description":"Informationen zur Betriebshaftpflichtversicherung von Graham Miranda ESIM. Markel Insurance Deckung f\u00fcr IT-Dienstleistungen und eSIM-Services.","og_url":"https:\/\/esim.grahammiranda.com\/de\/legal\/versicherung\/","og_site_name":"Graham Miranda eSIM","article_modified_time":"2025-10-12T21:46:04+00:00","og_image":[{"width":512,"height":512,"url":"https:\/\/esim.grahammiranda.com\/wp-content\/uploads\/2025\/09\/cropped-IMAGEFINAL-img-scaled-1.webp","type":"image\/webp"}],"twitter_card":"summary_large_image","twitter_misc":{"Gesch\u00e4tzte Lesezeit":"1\u00a0Minute"},"schema":{"@context":"https:\/\/schema.org","@graph":[{"@type":"WebPage","@id":"https:\/\/esim.grahammiranda.com\/de\/legal\/versicherung\/","url":"https:\/\/esim.grahammiranda.com\/de\/legal\/versicherung\/","name":"Versicherung | Haftpflichtversicherung Info - Graham Miranda eSIM","isPartOf":{"@id":"https:\/\/esim.grahammiranda.com\/de\/#website"},"datePublished":"2025-10-12T21:45:39+00:00","dateModified":"2025-10-12T21:46:04+00:00","description":"Informationen zur Betriebshaftpflichtversicherung von Graham Miranda ESIM. Markel Insurance Deckung f\u00fcr IT-Dienstleistungen und eSIM-Services.","breadcrumb":{"@id":"https:\/\/esim.grahammiranda.com\/de\/legal\/versicherung\/#breadcrumb"},"inLanguage":"de","potentialAction":[{"@type":"ReadAction","target":["https:\/\/esim.grahammiranda.com\/de\/legal\/versicherung\/"]}]},{"@type":"BreadcrumbList","@id":"https:\/\/esim.grahammiranda.com\/de\/legal\/versicherung\/#breadcrumb","itemListElement":[{"@type":"ListItem","position":1,"name":"Home","item":"https:\/\/esim.grahammiranda.com\/"},{"@type":"ListItem","position":2,"name":"Versicherungsinformationen"}]},{"@type":"WebSite","@id":"https:\/\/esim.grahammiranda.com\/de\/#website","url":"https:\/\/esim.grahammiranda.com\/de\/","name":"Graham Miranda eSIM","description":"","publisher":{"@id":"https:\/\/esim.grahammiranda.com\/de\/#organization"},"potentialAction":[{"@type":"SearchAction","target":{"@type":"EntryPoint","urlTemplate":"https:\/\/esim.grahammiranda.com\/de\/?s={search_term_string}"},"query-input":{"@type":"PropertyValueSpecification","valueRequired":true,"valueName":"search_term_string"}}],"inLanguage":"de"},{"@type":"Organization","@id":"https:\/\/esim.grahammiranda.com\/de\/#organization","name":"Graham Miranda","url":"https:\/\/esim.grahammiranda.com\/de\/","logo":{"@type":"ImageObject","inLanguage":"de","@id":"https:\/\/esim.grahammiranda.com\/de\/#\/schema\/logo\/image\/","url":"https:\/\/esim.grahammiranda.com\/wp-content\/uploads\/2025\/09\/eSIM-GrahamMiranda-Logo.webp","contentUrl":"https:\/\/esim.grahammiranda.com\/wp-content\/uploads\/2025\/09\/eSIM-GrahamMiranda-Logo.webp","width":427,"height":363,"caption":"Graham Miranda"},"image":{"@id":"https:\/\/esim.grahammiranda.com\/de\/#\/schema\/logo\/image\/"},"legalName":"Graham Miranda","foundingDate":"2025-09-12"}]}},"_links":{"self":[{"href":"https:\/\/esim.grahammiranda.com\/de\/wp-json\/wp\/v2\/pages\/4592","targetHints":{"allow":["GET"]}}],"collection":[{"href":"https:\/\/esim.grahammiranda.com\/de\/wp-json\/wp\/v2\/pages"}],"about":[{"href":"https:\/\/esim.grahammiranda.com\/de\/wp-json\/wp\/v2\/types\/page"}],"author":[{"embeddable":true,"href":"https:\/\/esim.grahammiranda.com\/de\/wp-json\/wp\/v2\/users\/1"}],"replies":[{"embeddable":true,"href":"https:\/\/esim.grahammiranda.com\/de\/wp-json\/wp\/v2\/comments?post=4592"}],"version-history":[{"count":1,"href":"https:\/\/esim.grahammiranda.com\/de\/wp-json\/wp\/v2\/pages\/4592\/revisions"}],"predecessor-version":[{"id":4593,"href":"https:\/\/esim.grahammiranda.com\/de\/wp-json\/wp\/v2\/pages\/4592\/revisions\/4593"}],"wp:attachment":[{"href":"https:\/\/esim.grahammiranda.com\/de\/wp-json\/wp\/v2\/media?parent=4592"}],"curies":[{"name":"wp","href":"https:\/\/api.w.org\/{rel}","templated":true}]}}

<h3 class="wp-block-heading" id="h-betriebshaftpflichtversicherung">Betriebshaftpflichtversicherung</h3>



<p>Graham Miranda verfügt über eine Betriebshaftpflichtversicherung bei:</p>



<p><strong>Versicherer:</strong> Markel Versicherung SE<br><strong>Versicherungs-Nr:</strong> ON.MPI.64092<br><strong>Gültigkeitszeitraum:</strong> 06.10.2025 &#8211; 06.10.2026</p>



<p><strong>Versicherungsumfang:</strong></p>



<ul class="wp-block-list">
<li>Vermögensschadenhaftpflicht: 300.000 EUR</li>



<li>Betriebshaftpflicht: 3.000.000 EUR (pauschal für Personen- und Sachschäden)</li>



<li>Tätigkeitsbereich: IT- und Telekommunikationsbranche</li>
</ul>



<p><strong>Bei Schäden kontaktieren Sie:</strong><br>Markel Versicherung SE<br>Sophienstr. 26<br>80333 München<br>schaden@markel.de<br>Tel.: +49 89 205094-400</p>



<p>Die Versicherung deckt Schäden ab, die im Rahmen der geschäftlichen Tätigkeit entstehen können.</p>



<hr class="wp-block-separator has-alpha-channel-opacity"/>



<p><em>Stand: 12. Oktober 2025</em></p>

<p>Betriebshaftpflichtversicherung Graham Miranda verfügt über eine Betriebshaftpflichtversicherung bei: Versicherer: Markel Insurance SEVersicherungs-Nr: ON.MPI.64092Gültigkeitszeitraum: 06.10.2025 &#8211; 06.10.2026 Versicherungsumfang: Bei Schäden kontaktieren Sie:Markel Insurance SESophienstr. 2680333 Münchenschaden@markel.deTel.: +49 89 205094-400 Die Versicherung deckt Schäden ab, die im Rahmen der geschäftlichen Tätigkeit entstehen können. Stand: 12 Oktober 2025</p>

<!-- This site is optimized with the Yoast SEO Premium plugin v26.2 (Yoast SEO v26.2) - https://yoast.com/wordpress/plugins/seo/ -->
<title>Versicherung | Haftpflichtversicherung Info - Graham Miranda eSIM</title>
<meta name="description" content="Informationen zur Betriebshaftpflichtversicherung von Graham Miranda ESIM. Markel Insurance Deckung für IT-Dienstleistungen und eSIM-Services." />
<meta name="robots" content="index, follow, max-snippet:-1, max-image-preview:large, max-video-preview:-1" />
<link rel="canonical" href="https://esim.grahammiranda.com/de/legal/versicherung/" />
<meta property="og:locale" content="de_DE" />
<meta property="og:type" content="article" />
<meta property="og:title" content="Versicherungsinformationen" />
<meta property="og:description" content="Informationen zur Betriebshaftpflichtversicherung von Graham Miranda ESIM. Markel Insurance Deckung für IT-Dienstleistungen und eSIM-Services." />
<meta property="og:url" content="https://esim.grahammiranda.com/de/legal/versicherung/" />
<meta property="og:site_name" content="Graham Miranda eSIM" />
<meta property="article:modified_time" content="2025-10-12T21:46:04+00:00" />
<meta property="og:image" content="https://esim.grahammiranda.com/wp-content/uploads/2025/09/cropped-IMAGEFINAL-img-scaled-1.webp" />
	<meta property="og:image:width" content="512" />
	<meta property="og:image:height" content="512" />
	<meta property="og:image:type" content="image/webp" />
<meta name="twitter:card" content="summary_large_image" />
<meta name="twitter:label1" content="Geschätzte Lesezeit" />
	<meta name="twitter:data1" content="1 Minute" />
<script type="application/ld+json" class="yoast-schema-graph">{"@context":"https://schema.org","@graph":[{"@type":"WebPage","@id":"https://esim.grahammiranda.com/de/legal/versicherung/","url":"https://esim.grahammiranda.com/de/legal/versicherung/","name":"Versicherung | Haftpflichtversicherung Info - Graham Miranda eSIM","isPartOf":{"@id":"https://esim.grahammiranda.com/de/#website"},"datePublished":"2025-10-12T21:45:39+00:00","dateModified":"2025-10-12T21:46:04+00:00","description":"Informationen zur Betriebshaftpflichtversicherung von Graham Miranda ESIM. Markel Insurance Deckung für IT-Dienstleistungen und eSIM-Services.","breadcrumb":{"@id":"https://esim.grahammiranda.com/de/legal/versicherung/#breadcrumb"},"inLanguage":"de","potentialAction":[{"@type":"ReadAction","target":["https://esim.grahammiranda.com/de/legal/versicherung/"]}]},{"@type":"BreadcrumbList","@id":"https://esim.grahammiranda.com/de/legal/versicherung/#breadcrumb","itemListElement":[{"@type":"ListItem","position":1,"name":"Home","item":"https://esim.grahammiranda.com/"},{"@type":"ListItem","position":2,"name":"Versicherungsinformationen"}]},{"@type":"WebSite","@id":"https://esim.grahammiranda.com/de/#website","url":"https://esim.grahammiranda.com/de/","name":"Graham Miranda eSIM","description":"","publisher":{"@id":"https://esim.grahammiranda.com/de/#organization"},"potentialAction":[{"@type":"SearchAction","target":{"@type":"EntryPoint","urlTemplate":"https://esim.grahammiranda.com/de/?s={search_term_string}"},"query-input":{"@type":"PropertyValueSpecification","valueRequired":true,"valueName":"search_term_string"}}],"inLanguage":"de"},{"@type":"Organization","@id":"https://esim.grahammiranda.com/de/#organization","name":"Graham Miranda","url":"https://esim.grahammiranda.com/de/","logo":{"@type":"ImageObject","inLanguage":"de","@id":"https://esim.grahammiranda.com/de/#/schema/logo/image/","url":"https://esim.grahammiranda.com/wp-content/uploads/2025/09/eSIM-GrahamMiranda-Logo.webp","contentUrl":"https://esim.grahammiranda.com/wp-content/uploads/2025/09/eSIM-GrahamMiranda-Logo.webp","width":427,"height":363,"caption":"Graham Miranda"},"image":{"@id":"https://esim.grahammiranda.com/de/#/schema/logo/image/"},"legalName":"Graham Miranda","foundingDate":"2025-09-12"}]}</script>
<!-- / Yoast SEO Premium plugin. -->

Informationen zur Betriebshaftpflichtversicherung von Graham Miranda ESIM. Markel Insurance Deckung für IT-Dienstleistungen und eSIM-Services.
